 26.
25
Calculate the remainder when 270475020 is divided by 135237494.
32
What is the remainder when 41877 is divided by 5385?
4182
What is the remainder when 54245710 is divided by 54300?
10
Calculate the remainder when 20930907 is divided by 34.
31
What is the remainder when 176610 is divided by 64?
34
What is the remainder when 76550 is divided by 114?
56
Calculate the remainder when 9020174 is divided by 1127517.
38
What is the remainder when 44175100 is divided by 681?
673
Calculate the remainder when 535947046 is divided by 2370.
2356
Calculate the remainder when 7886730 is divided by 191.
149
Calculate the remainder when 1620554 is divided by 405123.
62
What is the remainder when 277917 is divided by 5151?
4914
Calculate the remainder when 2036818 is divided by 996.
994
What is the remainder when 23244121 is divided by 5852?
5829
Calculate the remainder when 399209151 is divided by 199604575.
1
Calculate the remainder when 369767 is divided by 8380.
1047
Calculate the remainder when 3183001 is divided by 433.
18
Calculate the remainder when 139782 is divided by 1910.
352
What is the remainder when 65718775 is divided by 3547?
3506
What is the remainder when 51573 is divided by 20770?
10033
What is the remainder when 31348826 is divided by 15674410?
6
What is the remainder when 5993766 is divided by 1534?
428
What is the remainder when 187035 is divided by 1810?
605
What is the remainder when 416517 is divided by 27767?
12
Calculate the remainder when 1188088 is divided by 46.
0
What is the remainder when 94338619 is divided by 730?
719
Calculate the remainder when 13021079 is divided by 194.
187
Calculate the remainder when 59279 is divided by 913.
847
Calculate the remainder when 3503809 is divided by 14301.
64
What is the remainder when 209105 is divided by 5183?
1785
What is the remainder when 685516 is divided by 8568?
76
What is the remainder when 12749125 is divided by 746?
731
Calculate the remainder when 17630618 is divided by 177.
2
Calculate the remainder when 2151310 is divided by 19038.
16
Calculate the remainder when 385370 is divided by 38520.
170
Calculate the remainder when 75929 is divided by 75898.
31
What is the remainder when 727983 is divided by 179?
169
What is the remainder when 94717464 is divided by 8610678?
6
What is the remainder when 1823062337 is divided by 110?
107
What is the remainder when 1074339 is divided by 268579?
23
What is the remainder when 16575 is divided by 5371?
462
What is the remainder when 512795 is divided by 256382?
31
What is the remainder when 102937 is divided by 50505?
1927
What is the remainder when 24970894 is divided by 114?
106
What is the remainder when 1634474 is divided by 6782?
12
Calculate the remainder when 251284 is divided by 8112.
7924
What is the remainder when 265630 is divided by 3410?
3060
What is the remainder when 701955151 is divided by 1346?
1345
Calculate the remainder when 11949716 is divided by 108.
56
Calculate the remainder when 3231466 is divided by 119683.
25
What is the remainder when 1951698 is divided by 243?
165
Calculate the remainder when 6222602 is divided by 6557.
9
What is the remainder when 1619085 is divided by 228?
57
What is the remainder when 20008196 is divided by 20?
16
Calculate the remainder when 6248499 is divided by 5738.
5555
Calculate the remainder when 27922133 is divided by 188.
185
Calculate the remainder when 179382 is divided by 2360.
22
What is the remainder when 238843 is divided by 118283?
2277
What is the remainder when 39561218 is divided by 24?
2
Calculate the remainder when 54293 is divided by 921.
875
What is the remainder when 53159 is divided by 5922?
5783
What is the remainder when 976989 is divided by 488432?
125
Calculate the remainder when 8961173 is divided by 41.
8
Calculate the remainder when 1494313 is divided by 149428.
33
Calculate the remainder when 402623 is divided by 160.
63
What is the remainder when 3371100 is divided by 48?
12
What is the remainder when 230217151 is divided by 27?
4
Calculate the remainder when 1789577 is divided by 339.
335
What is the remainder when 7041296 is divided by 134?
132
What is the remainder when 674359 is divided by 1436?
875
What is the remainder when 3550104 is divided by 63?
54
Calculate the remainder when 501140 is divided by 501070.
70
What is the remainder when 450994 is divided by 31?
6
What is the remainder when 2146469 is divided by 26175?
119
Calculate the remainder when 10913015 is divided by 35317.
62
Calculate the remainder when 727255 is divided by 366.
13
Calculate the remainder when 63547 is divided by 332.
135
What is the remainder when 4426298 is divided by 1475428?
14
What is the remainder when 720327 is divided by 26?
23
What is the remainder when 6786501 is divided by 6855?
51
What is the remainder when 57687 is divided by 2953?
1580
What is the remainder when 295153704 is divided by 539?
538
What is the remainder when 689 is divided by 51?
26
Calculate the remainder when 201603 is divided by 3801.
150
Calculate the remainder when 1412696 is divided by 704603.
3490
What is the remainder when 6910530 is divided by 479?
476
What is the remainder when 8927035 is divided by 34?
29
What is the remainder when 2843613 is divided by 59?
49
Calculate the remainder when 4351 is divided by 77.
39
What is the remainder when 1681807 is divided by 7?
1
Calculate the remainder when 20302257 is divided by 901.
24
What is the remainder when 25123933 is divided by 2081?
20
What is the remainder when 503263109 is divided by 88?
85
What is the remainder when 60854507 is divided by 10?
7
Calculate the remainder when 904363 is divided by 226079.
47
What is the remainder when 4859753 is divided by 46728?
41
What is the remainder when 158219 is divided by 233?
12
What is the remainder when 5819332 is divided by 6?
4
Calculate the remainder when 1206364 is divided by 627.
16
Calculate the remainder when 296886 is divided by 2035.
1811
What is the remainder when 4159941 is divided by 228?
81
Calculate the remainder when 407830 is divided by 6682.
228
What is the remainder when 532818 is divided by 7952?
34
Calculate the remainder when 1589636 is divided by 101.
98
What is the remainder when 387292 is divided by 102?
100
What is the remainder when 2858769 is divided by 14?
11
What is the remainder when 133896 is divided by 66891?
114
Calculate the remainder when 1849491 is divided by 1849140.
351
What is the remainder when 81065 is divided by 1225?
215
What is the remainder when 5834450 is divided by 61?
44
Calculate the remainder when 25700792 is divided by 36.
32
Calculate the remainder when 5903514 is divided by 2951739.
36
Calculate the remainder when 484956 is divided by 257.
254
What is the remainder when 32919 is divided by 1987?
1127
Calculate the remainder when 9835752 is divided by 27.
3
What is the remainder when 111912 is divided by 3818?
1190
Calculate the remainder when 2298452 is divided by 2208.
2132
Calculate the remainder when 2837 is divided by 353.
13
What is the remainder when 208458 is divided by 344?
338
Calculate the remainder when 166387259 is divided by 676.
675
Calculate the remainder when 218993 is divided by 163.
84
What is the remainder when 923790230 is divided by 273?
272
What is the remainder when 105104 is divided by 101891?
3213
Calculate the remainder when 279471 is divided by 2066.
561
Calculate the remainder when 2298318 is divided by 589.
40
Calculate the remainder when 158232 is divided by 1054.
132
What is the remainder when 270485 is divided by 269779?
706
Calculate the remainder when 197669 is divided by 8973.
263
What is the remainder when 1460856 is divided by 4952?
16
What is the remainder when 35315794 is divided by 18?
10
Calculate the remainder when 1295391 is divided by 259073.
26
What is the remainder when 27727 is divided by 8635?
1822
What is the remainder when 18505 is divided by 2327?
2216
Calculate the remainder when 326519 is divided by 161629.
3261
What is the remainder when 85803 is divided by 9147?
3480
What is the remainder when 19296267 is divided by 1526?
1523
What is the remainder when 16970 is divided by 1262?
564
What is the remainder when 290220167 is divided by 24?
23
What is the remainder when 332432 is div